hest common divisor of 72759 and 7821?
237
What is the highest common divisor of 724595 and 926?
463
What is the highest common factor of 243585 and 306?
9
What is the greatest common divisor of 11 and 494714?
11
Calculate the highest common factor of 96 and 28432.
16
What is the greatest common factor of 4712 and 2542?
62
What is the greatest common factor of 8 and 12436?
4
What is the highest common divisor of 35534 and 11554?
218
Calculate the highest common divisor of 148 and 6770778.
74
What is the highest common factor of 15 and 785?
5
Calculate the highest common factor of 112 and 56864.
16
Calculate the greatest common divisor of 1998810 and 1188.
594
What is the highest common divisor of 9264 and 962298?
1158
What is the highest common divisor of 12188 and 352?
44
Calculate the highest common factor of 21 and 56553.
21
What is the highest common factor of 544 and 5134?
34
What is the greatest common divisor of 166505 and 10?
5
What is the greatest common factor of 147 and 10276?
7
What is the highest common divisor of 10512 and 828?
36
Calculate the greatest common factor of 14150 and 80.
10
What is the highest common divisor of 612660 and 108?
12
Calculate the highest common factor of 287696 and 16.
16
What is the greatest common divisor of 215099 and 19?
19
What is the highest common factor of 513536 and 59?
59
What is the highest common factor of 24869 and 3?
1
Calculate the highest common divisor of 1456428 and 12.
12
Calculate the highest common divisor of 5248830 and 690.
690
What is the highest common divisor of 14600 and 884?
4
Calculate the highest common factor of 832264 and 32.
8
Calculate the highest common factor of 180 and 126130.
10
Calculate the greatest common factor of 220 and 305030.
110
What is the greatest common factor of 4677 and 48?
3
What is the highest common factor of 1717201 and 19?
19
Calculate the greatest common factor of 704 and 36168.
88
What is the greatest common divisor of 576563 and 39?
13
What is the greatest common factor of 590 and 99580?
10
Calculate the greatest common divisor of 184397 and 7081.
97
What is the highest common divisor of 2451 and 201369?
129
Calculate the greatest common factor of 1015200 and 2250.
450
What is the greatest common factor of 247 and 32?
1
What is the highest common divisor of 153596 and 152?
76
What is the greatest common divisor of 39121 and 2204?
551
Calculate the greatest common factor of 1042383 and 12.
3
What is the greatest common factor of 3414690 and 54?
54
Calculate the greatest common factor of 252 and 21084.
84
Calculate the highest common factor of 44184 and 6.
6
What is the greatest common divisor of 130872 and 123?
123
Calculate the highest common divisor of 9375 and 525.
75
Calculate the greatest common divisor of 975 and 93054.
39
What is the greatest common divisor of 218 and 137?
1
What is the highest common divisor of 180243 and 189?
63
Calculate the greatest common factor of 42 and 8952.
6
What is the greatest common divisor of 6960 and 225678?
174
Calculate the greatest common factor of 3405 and 395.
5
Calculate the greatest common divisor of 4959969 and 31.
31
Calculate the greatest common divisor of 161 and 5859.
7
What is the highest common factor of 174352 and 204?
68
Calculate the greatest common divisor of 22 and 803.
11
Calculate the greatest common divisor of 868 and 167307.
217
Calculate the greatest common divisor of 200718 and 126.
126
What is the highest common divisor of 790830 and 105?
15
What is the highest common factor of 1666 and 213962?
238
What is the highest common divisor of 8631 and 8083?
137
What is the greatest common divisor of 5159 and 1541?
67
Calculate the greatest common divisor of 1232 and 86416.
176
What is the highest common factor of 570348 and 27?
27
What is the highest common factor of 830 and 73455?
415
Calculate the greatest common factor of 56 and 4096.
8
What is the greatest common factor of 47426 and 1219?
23
What is the greatest common divisor of 45248 and 896?
448
Calculate the greatest common divisor of 1792 and 49112.
56
Calculate the highest common factor of 1464 and 94245.
183
What is the greatest common divisor of 602 and 1220555?
301
What is the greatest common divisor of 10322 and 52?
26
What is the greatest common divisor of 149256 and 3?
3
What is the greatest common factor of 140 and 190660?
20
What is the highest common divisor of 1395 and 69285?
465
Calculate the highest common factor of 17873 and 586.
293
Calculate the greatest common divisor of 354 and 834378.
354
Calculate the greatest common factor of 165 and 1020.
15
What is the greatest common factor of 11977 and 2639?
203
What is the highest common divisor of 703404 and 78?
78
What is the highest common divisor of 2139 and 1209?
93
What is the greatest common factor of 16986 and 1026?
114
Calculate the highest common factor of 318 and 47223.
159
Calculate the highest common divisor of 2201 and 27373.
31
Calculate the greatest common factor of 63 and 14427.
63
What is the greatest common factor of 67340 and 6500?
260
What is the greatest common factor of 17461 and 1007?
19
Calculate the greatest common divisor of 2875 and 9200.
575
What is the greatest common factor of 141 and 190679?
47
What is the highest common factor of 591229 and 398?
199
What is the greatest common divisor of 528 and 34752?
48
Calculate the greatest common factor of 2613 and 273.
39
Calculate the greatest common divisor of 272160 and 81.
81
Calculate the highest common divisor of 840 and 545064.
24
What is the highest common factor of 196894 and 442?
34
Calculate the highest common factor of 303 and 480.
3
Calculate the greatest common factor of 55161 and 243.
243
Calculate the highest common divisor of 163904 and 49088.
832
What is the highest common factor of 17121 and 507?
39
What is the greatest common divisor of 21700 and 181300?
700
What is the highest common divisor of 6345 and 1504?
47
What is the greatest common divisor of 33448 and 23956?
452
Calculate the highest common factor of 744 and 678.
6
Calculate the greatest common factor of 3437 and 114403.
491
What is the highest common divisor of 3514 and 26?
2
What is the highest common factor of 655 and 1266115?
655
What is the highest common factor of 21566 and 246?
82
What is the greatest common divisor of 940 and 527140?
20
What is the highest common divisor of 5 and 600885?
5
Calculate the highest common divisor of 1236 and 2166.
6
Calculate the highest common divisor of 13063060 and 20.
20
Calculate the greatest common divisor of 13128 and 3168.
24
What is the highest common factor of 15 and 25962?
3
What is the highest common factor of 7383 and 2691?
69
What is the highest common divisor of 70958 and 1666?
34
Calculate the highest common factor of 511 and 34310.
73
What is the highest common divisor of 15820 and 2240?
140
Calculate the highest common divisor of 395430 and 105.
105
What is the highest common divisor of 388 and 873?
97
Calculate the highest common factor of 469 and 18961.
67
Calculate the greatest common divisor of 15 and 60710.
5
Calculate the greatest common factor of 1935 and 80840.
215
Calculate the greatest common divisor of 130 and 2300623.
13
What is the highest common factor of 440 and 19640?
40
What is the greatest common divisor of 896 and 773248?
896
Calculate the greatest common factor of 3209661 and 126.
63
What is the highest common factor of 28 and 18102?
14
What is the greatest common factor of 289 and 17816?
17
What is the highest common factor of 108 and 33156?
108
What is the highest common factor of 1 and 3868?
1
What is the highest common factor of 36850 and 3025?
275
What is the greatest common factor of 134 and 2726096?
134
What is the greatest common divisor of 270 and 227070?
270
Calculate the highest common factor of 7241 and 2561.
13
What is the highest common factor of 12504 and 240?
24
Calculate the highest common divisor of 4725602 and 14.
14
Calculate the highest common divisor of 299 and 780091.
299
Calculate the highest common factor of 42265 and 6955.
535
Calculate the highest common factor of 7904 and 69654.
494
What is the highest common factor of 2277048 and 204?
204
Calculate the highest common factor of 968125 and 375.
125
Calculate the h